{"id":20364,"date":"2025-01-31T11:34:03","date_gmt":"2025-01-31T14:34:03","guid":{"rendered":"https:\/\/ifa.uv.cl\/wp-content\/uploads\/2025\/01\/WhatsApp-Image-2025-01-30-at-17.55.29-2.jpeg"},"modified":"2025-01-31T11:34:36","modified_gmt":"2025-01-31T14:34:36","slug":"whatsapp-image-2025-01-30-at-17-55-29-2-2","status":"inherit","type":"attachment","link":"https:\/\/ifa.uv.cl\/en\/whatsapp-image-2025-01-30-at-17-55-29-2-2\/","title":{"rendered":"WhatsApp Image 2025-01-30 at 17.55.29"},"author":6,"featured_media":0,"comment_status":"closed","ping_status":"closed","template":"","meta":[],"class_list":["post-20364","attachment","type-attachment","status-inherit","hentry"],"description":{"rendered":"<p class=\"attachment\"><a href='https:\/\/ifa.uv.cl\/wp-content\/uploads\/2025\/01\/WhatsApp-Image-2025-01-30-at-17.55.29-2.jpeg'><img loading=\"lazy\" decoding=\"async\" width=\"300\" height=\"300\" src=\"https:\/\/ifa.uv.cl\/wp-content\/uploads\/2025\/01\/WhatsApp-Image-2025-01-30-at-17.55.29-2-300x300.jpeg\" class=\"attachment-medium size-medium\" alt=\"\" srcset=\"https:\/\/ifa.uv.cl\/wp-content\/uploads\/2025\/01\/WhatsApp-Image-2025-01-30-at-17.55.29-2-300x300.jpeg 300w, https:\/\/ifa.uv.cl\/wp-content\/uploads\/2025\/01\/WhatsApp-Image-2025-01-30-at-17.55.29-2-1024x1024.jpeg 1024w, https:\/\/ifa.uv.cl\/wp-content\/uploads\/2025\/01\/WhatsApp-Image-2025-01-30-at-17.55.29-2-150x150.jpeg 150w, https:\/\/ifa.uv.cl\/wp-content\/uploads\/2025\/01\/WhatsApp-Image-2025-01-30-at-17.55.29-2-768x768.jpeg 768w, https:\/\/ifa.uv.cl\/wp-content\/uploads\/2025\/01\/WhatsApp-Image-2025-01-30-at-17.55.29-2-650x650.jpeg 650w, https:\/\/ifa.uv.cl\/wp-content\/uploads\/2025\/01\/WhatsApp-Image-2025-01-30-at-17.55.29-2.jpeg 1066w\" sizes=\"auto, (max-width: 300px) 100vw, 300px\" \/><\/a><\/p>\n"},"caption":{"rendered":"<p>Elena L\u00f3pez, astr\u00f3noma y divulgadora cient\u00edfica<\/p>\n"},"alt_text":"","media_type":"image","mime_type":"image\/jpeg","media_details":{"width":1066,"height":1066,"file":"2025\/01\/WhatsApp-Image-2025-01-30-at-17.55.29-2.jpeg","filesize":140998,"sizes":{"medium":{"file":"WhatsApp-Image-2025-01-30-at-17.55.29-2-300x300.jpeg","width":300,"height":300,"filesize":21189,"mime_type":"image\/jpeg","source_url":"https:\/\/ifa.uv.cl\/wp-content\/uploads\/2025\/01\/WhatsApp-Image-2025-01-30-at-17.55.29-2-300x300.jpeg"},"large":{"file":"WhatsApp-Image-2025-01-30-at-17.55.29-2-1024x1024.jpeg","width":1024,"height":1024,"filesize":151909,"mime_type":"image\/jpeg","source_url":"https:\/\/ifa.uv.cl\/wp-content\/uploads\/2025\/01\/WhatsApp-Image-2025-01-30-at-17.55.29-2-1024x1024.jpeg"},"thumbnail":{"file":"WhatsApp-Image-2025-01-30-at-17.55.29-2-150x150.jpeg","width":150,"height":150,"filesize":6896,"mime_type":"image\/jpeg","source_url":"https:\/\/ifa.uv.cl\/wp-content\/uploads\/2025\/01\/WhatsApp-Image-2025-01-30-at-17.55.29-2-150x150.jpeg"},"medium_large":{"file":"WhatsApp-Image-2025-01-30-at-17.55.29-2-768x768.jpeg","width":768,"height":768,"filesize":97062,"mime_type":"image\/jpeg","source_url":"https:\/\/ifa.uv.cl\/wp-content\/uploads\/2025\/01\/WhatsApp-Image-2025-01-30-at-17.55.29-2-768x768.jpeg"},"qi_addons_for_elementor_image_size_square":{"file":"WhatsApp-Image-2025-01-30-at-17.55.29-2-650x650.jpeg","width":650,"height":650,"filesize":75429,"mime_type":"image\/jpeg","source_url":"https:\/\/ifa.uv.cl\/wp-content\/uploads\/2025\/01\/WhatsApp-Image-2025-01-30-at-17.55.29-2-650x650.jpeg"},"qi_addons_for_elementor_image_size_landscape":{"file":"WhatsApp-Image-2025-01-30-at-17.55.29-2-1066x650.jpeg","width":1066,"height":650,"filesize":99650,"mime_type":"image\/jpeg","source_url":"https:\/\/ifa.uv.cl\/wp-content\/uploads\/2025\/01\/WhatsApp-Image-2025-01-30-at-17.55.29-2-1066x650.jpeg"},"qi_addons_for_elementor_image_size_portrait":{"file":"WhatsApp-Image-2025-01-30-at-17.55.29-2-650x1066.jpeg","width":650,"height":1066,"filesize":114263,"mime_type":"image\/jpeg","source_url":"https:\/\/ifa.uv.cl\/wp-content\/uploads\/2025\/01\/WhatsApp-Image-2025-01-30-at-17.55.29-2-650x1066.jpeg"},"borgholm_image_size_square":{"file":"WhatsApp-Image-2025-01-30-at-17.55.29-2-650x650.jpeg","width":650,"height":650,"filesize":75429,"mime_type":"image\/jpeg","source_url":"https:\/\/ifa.uv.cl\/wp-content\/uploads\/2025\/01\/WhatsApp-Image-2025-01-30-at-17.55.29-2-650x650.jpeg"},"borgholm_image_size_landscape":{"file":"WhatsApp-Image-2025-01-30-at-17.55.29-2-1066x650.jpeg","width":1066,"height":650,"filesize":99650,"mime_type":"image\/jpeg","source_url":"https:\/\/ifa.uv.cl\/wp-content\/uploads\/2025\/01\/WhatsApp-Image-2025-01-30-at-17.55.29-2-1066x650.jpeg"},"borgholm_image_size_portrait":{"file":"WhatsApp-Image-2025-01-30-at-17.55.29-2-650x1066.jpeg","width":650,"height":1066,"filesize":114263,"mime_type":"image\/jpeg","source_url":"https:\/\/ifa.uv.cl\/wp-content\/uploads\/2025\/01\/WhatsApp-Image-2025-01-30-at-17.55.29-2-650x1066.jpeg"},"full":{"file":"WhatsApp-Image-2025-01-30-at-17.55.29-2.jpeg","width":1066,"height":1066,"mime_type":"image\/jpeg","source_url":"https:\/\/ifa.uv.cl\/wp-content\/uploads\/2025\/01\/WhatsApp-Image-2025-01-30-at-17.55.29-2.jpeg"}},"image_meta":{"aperture":"0","credit":"","camera":"","caption":"","created_timestamp":"0","copyright":"","focal_length":"0","iso":"0","shutter_speed":"0","title":"","orientation":"0","keywords":[]}},"post":null,"source_url":"https:\/\/ifa.uv.cl\/wp-content\/uploads\/2025\/01\/WhatsApp-Image-2025-01-30-at-17.55.29-2.jpeg","_links":{"self":[{"href":"https:\/\/ifa.uv.cl\/en\/wp-json\/wp\/v2\/media\/20364","targetHints":{"allow":["GET"]}}],"collection":[{"href":"https:\/\/ifa.uv.cl\/en\/wp-json\/wp\/v2\/media"}],"about":[{"href":"https:\/\/ifa.uv.cl\/en\/wp-json\/wp\/v2\/types\/attachment"}],"author":[{"embeddable":true,"href":"https:\/\/ifa.uv.cl\/en\/wp-json\/wp\/v2\/users\/6"}],"replies":[{"embeddable":true,"href":"https:\/\/ifa.uv.cl\/en\/wp-json\/wp\/v2\/comments?post=20364"}]}}

<p>Elena López, astrónoma y divulgadora científica</p>
